 - 3*v + 258. Suppose -3*k - 198*y + 201*y = -33, 5*y = 35. Calculate the greatest common factor of d and k.
9
Let t be (-444)/(-518) + 1289/7. What is the greatest common divisor of 5 and t?
5
Let b(t) = 13*t**3 - 29*t**2 + 86*t + 16. Let l be b(3). What is the highest common factor of l and 476?
28
Suppose -5*j - 2*u + 130 = -94, -2*j + 98 = 5*u. Let a be (4/10)/(1/40 - (-267)/6408). Calculate the highest common factor of j and a.
2
Suppose -373*x - 2268 = -380*x. Suppose -331*l = -x*l - 210. What is the highest common factor of 240 and l?
30
Let q(p) = 2*p**3 + 149*p**2 + 213*p - 427. Let w be q(-73). Calculate the greatest common divisor of w and 28127.
11
Let b = 4149 + -3577. What is the highest common divisor of b and 4?
4
Let o = 2188 + -1523. Let r = o + -553. What is the highest common factor of r and 32?
16
Suppose 14*y - 88 = 18*y. Let p be 61 + -2 + y + 23. Calculate the greatest common factor of p and 40.
20
Let l be (-3 + 78)*(-222)/(-10). Calculate the greatest common divisor of l and 45.
45
Let j be (0 + 2)/((-4)/(-50)). Suppose -r - 4*h = -212, 415 = 24*r - 22*r + 5*h. Calculate the greatest common factor of j and r.
25
Suppose 4*i - 23 = 2*k + 11, -2*i + 4*k + 20 = 0. Let m be (-2)/((-41)/i + (-145)/(-29)). Calculate the greatest common divisor of 2 and m.
2
Let h(s) be the third derivative of s**5/60 + 7*s**4/24 - 5*s**3/3 + 5*s**2 - s. Let q be h(-9). Calculate the greatest common divisor of 12 and q.
4
Let d(a) = a**3 - 11*a**2 + 8*a - 8. Let v be d(11). Suppose 6*x - 100 = v. What is the greatest common divisor of x and 255?
15
Suppose -9*s - g + 2592 = -8*s, 4*s = 5*g + 10413. What is the highest common divisor of s and 53?
53
Let j = -7458 - -8508. What is the highest common factor of 450 and j?
150
Let c = 31759 - 30860. What is the highest common divisor of 551 and c?
29
Suppose 5*x - 8*x = 0. Suppose -3*s + 3*v = -v - 17, 5*s - 3*v - 32 = x. Suppose -s*o = -11*o + 76. What is the highest common factor of 19 and o?
19
Let p be (1161/301 - (-12)/(-14)) + -10 + 1795. Calculate the greatest common factor of p and 96.
12
Let j be (-20376)/(-28) - 2/(-7). Suppose 16*s + j = 3*s. Let r = 92 + s. What is the greatest common factor of 108 and r?
36
Suppose 2*v + 2622 = -4*q + 9618, -q = 1. What is the greatest common divisor of v and 28?
28
Let w be (9 + -6)*(-15)/(-3). Let q be (-1)/5 + 303/w. Let b = q + -12. What is the highest common divisor of 12 and b?
4
Suppose -2*v - 4*x + 18 = 0, 0*v - 2*x = -v - 7. Let j be (3/4 + v)*(-21 - -33). Calculate the highest common factor of 3 and j.
3
Suppose 4*u + 4362 = 1450. Let j be ((-6)/1)/((-7)/(u/(-12))). What is the highest common factor of 130 and j?
26
Let t = -6366 - -6782. What is the highest common divisor of t and 1872?
208
Let f be (54 - 53)*54/2. Suppose f*u - 25*u - 5 = b, 2*u + 2*b - 2 = 0. What is the greatest common factor of 148 and u?
2
Let g = 44 + -41. Suppose 5*p = -2*t + 111, -t = -2*p - g*p + 117. Suppose x = 4*b - p, -4 - 11 = -2*b - 3*x. Calculate the highest common divisor of b and 18.
6
Let f(g) = 8*g - 17. Let z be f(9). Suppose -2*n + 3*d = -7*n + 755, -4*n - 2*d = -606. Suppose 16*u = 9*u + n. What is the greatest common factor of z and u?
11
Suppose j + 3*j = 2*y - 202, 2*j + 208 = 2*y. Suppose 3*q - y = -2*l, 3*l - 2*l = -5*q + 169. Let h = q - 17. What is the greatest common divisor of h and 176?
16
Let t(c) = 2*c + 4. Let g be t(-6). Suppose 2*n + 5*n = -34*n - 902. Let p = g - n. What is the highest common divisor of p and 42?
14
Let y(w) = -w**3 + 5*w**2 + 9*w - 13. Let b be y(6). Suppose 412 = -6*g + 9*g - b*v, 3*v = 3*g - 420. Calculate the highest common divisor of g and 108.
36
Let x(k) = 364*k + 3076. Let b be x(-8). Calculate the highest common divisor of b and 3813.
41
Let n = 11640 - 11635. Calculate the greatest common factor of 305 and n.
5
Let z = -18688 - -23261. What is the greatest common factor of 1614 and z?
269
Suppose 100 - 1 = 33*r. Let b be (-3 + (-52)/(-12))*180/r. Calculate the highest common divisor of 20 and b.
20
Let r = -454 + 505. What is the greatest common factor of r and 272?
17
Let i(t) = -35*t. Let p be i(-1). Suppose -5*z - 880 = -26*b, -10*z = -3*b - 7*z + 87. Calculate the highest common divisor of b and p.
35
Suppose 214*r - 10510 = 204*r. Suppose r*j + 10989 = 1062*j. What is the highest common factor of 27 and j?
27
Let f(r) = -r**2 - 3*r - 111. Let i be f(0). Let p = i + 129. What is the highest common divisor of 954 and p?
18
Suppose 0 = 20*u - 2*u - 8*u. Suppose -3*i + 4*h + 78 = 3*h, u = i - 5*h - 26. Suppose -91 = -2*g + 39. Calculate the highest common factor of i and g.
13
Let k(l) be the first derivative of 15 + 40*l - 1/2*l**2. Let d be k(21). Calculate the highest common factor of 57 and d.
19
Let j be 1 + (-2)/1 + 221. Suppose 9335 - 9015 = 16*o. What is the highest common factor of o and j?
20
Suppose 27*y - 12926 = -3*w + 23*y, 3*w - 4*y = 12886. What is the highest common factor of 18 and w?
18
Let x(a) = -4*a**3 + 2*a**2 + 3*a + 14. Let v be x(-2). Calculate the greatest common divisor of v and 66.
6
Let p be 5 - 1 - (-28)/7. Suppose -10*g - 16 = -p*g. Let a = g - -24. Calculate the greatest common factor of 176 and a.
16
Suppose 0 = -s + 4*w - 21, -w = 2*w - 15. Let v(d) = -53*d**3 + 4*d + 2. Let x be v(s). Calculate the highest common divisor of x and 51.
51
Suppose 6*x + 18 = -198. Let q = x + 54. Calculate the greatest common factor of 78 and q.
6
Let v(t) = 2*t**3 - 16*t**2 + 39*t - 294. Let c be v(8). What is the highest common factor of 11295 and c?
9
Let d(b) = 8*b + 91. Let z be d(15). Let p = z - 174. Let y = 368 - 220. What is the greatest common factor of y and p?
37
Let h be (2/(-10))/((-248)/63240). What is the highest common factor of h and 6171?
51
Suppose -6*l + 10*l - 20 = 0. Suppose -3*v + 4*s + l = 0, -8*v + 3*v - 3*s + 47 = 0. Suppose 6*y = v*y - 39. Calculate the greatest common divisor of y and 52.
13
Suppose 0 = 8*m - 17 - 23. Let s(h) = -m*h + 3 + 851*h**3 - 428*h**3 + 7*h**2 - 424*h**3. Let z be s(6). What is the greatest common factor of 21 and z?
3
Let z(g) = -g - 24. Let t(b) = b + 23. Let s(k) = -5*t(k) - 6*z(k). Let h be s(-15). Suppose -84 = 11*v - h*v. Calculate the greatest common divisor of v and 7.
7
Suppose -7*r - 4*i + 342 = -5*r, 0 = r + i - 178. What is the greatest common factor of r and 70?
5
Suppose 2148*w = 2139*w + 8505. Calculate the greatest common divisor of w and 14.
7
Suppose 4*k + 4*f = -f + 1571, -3*k + 5*f = -1222. Suppose -5738*a = r - 5735*a - 36, 3*r - 199 = 4*a. Calculate the greatest common factor of r and k.
57
Let r = 341 + -256. Suppose -2*v = 3*l - 0*v - 106, 4*l - 144 = -4*v. What is the highest common divisor of r and l?
17
Let t be 6/195*5 + 141/13. Suppose -t*b = -8*b + 9, -4*v - 3*b = -163. Calculate the greatest common divisor of 473 and v.
43
Suppose -12 = -63*t + 57*t. Let q be (-9154)/(-115) - 5/((-25)/t). What is the highest common divisor of 64 and q?
16
Let p be 466/2563 + (-45580)/(-22). Calculate the highest common factor of 504 and p.
56
Let m(k) = -1958*k + 2272. Let a be m(-9). Calculate the greatest common divisor of 42 and a.
14
Let q = 24066 - 17786. What is the highest common factor of q and 30?
10
Let z be (-5)/2*40/(-25). Suppose z*q - 114 - 94 = 0. Let y(h) = -h**3 - 8*h**2 + 19*h + 3. Let s be y(-10). What is the greatest common factor of q and s?
13
Let x(t) = -t**3 + 12*t**2 + 11*t - 25. Let c be x(10). Let y be 1/(164/(-15) - -11). Calculate the highest common divisor of c and y.
15
Let z = 124 + -40. Suppose -19231 = 5*o + 3*b, 0 = 4*o + 4*b - 2*b + 15386. Let c be (-8)/(-92) - o/184. What is the highest common divisor of c and z?
21
Let n(o) = -3*o**2 + 33*o - 22. Let q be n(10). Suppose 1707 = q*r - 2245. What is the highest common divisor of 38 and r?
38
Suppose -826 = -2*j + 5*k, 575*j - 571*j + k = 1586. What is the greatest common divisor of 11741 and j?
199
Let q(v) = 19*v**2 + 28*v + 372. Let p be q(-9). Calculate the highest common divisor of 35 and p.
7
Let g = 5176 - 3703. What is the highest common factor of 6 and g?
3
Suppose 47*y - 5773 - 5272 = 0. Suppose -1284 = -5*h + 9*h. Let g = -227 - h. Calculate the greatest common factor of g and y.
47
Suppose -7*x - 2*a = -11*x + 1158, -x + 5*a